9, what is 4 - -121?
125
In base 9, what is 440 - -5?
445
In base 6, what is 45 - -21?
110
In base 10, what is -2 + 2167?
2165
In base 13, what is 3 - 168?
-165
In base 4, what is 0 + 3?
3
In base 11, what is 4 + -11?
-8
In base 15, what is 104 - -1?
105
In base 7, what is -3 + 6056?
6053
In base 8, what is -230 - 5?
-235
In base 9, what is -2 - -126?
124
In base 14, what is -4a - 4?
-50
In base 15, what is -a + -4bc?
-4c7
In base 11, what is 5 + -5?
0
In base 13, what is b - -30?
3b
In base 3, what is 12 + 2?
21
In base 3, what is 21 + -1022?
-1001
In base 15, what is bc + 0?
bc
In base 4, what is -133 - 2002?
-2201
In base 16, what is -2e - 6?
-34
In base 2, what is -100100100 + -1?
-100100101
In base 11, what is -1a - -33?
14
In base 5, what is 131 - 1?
130
In base 13, what is 7 - -6?
10
In base 7, what is -406 - 5?
-414
In base 8, what is 7 - -56?
65
In base 16, what is -5 + -11?
-16
In base 2, what is -10111010101 + 101?
-10111010000
In base 10, what is 1 - -14?
15
In base 5, what is 1424 + -4?
1420
In base 16, what is -974 + -3?
-977
In base 11, what is -28 - -4?
-24
In base 16, what is -13 + -23?
-36
In base 3, what is -200010 + -2?
-200012
In base 14, what is -9a + 15?
-85
In base 12, what is 33 - -3?
36
In base 15, what is 6 - -49?
50
In base 2, what is 110001 - -101?
110110
In base 7, what is 4065 + -1?
4064
In base 2, what is 110 + 10000?
10110
In base 4, what is 1001 + -1?
1000
In base 8, what is 102705 - -2?
102707
In base 5, what is 1 + -132034?
-132033
In base 16, what is 4 - -bb?
bf
In base 10, what is -3 + 110?
107
In base 8, what is 17 - -76?
115
In base 8, what is -5 + -74?
-101
In base 10, what is 150 + 3?
153
In base 5, what is 1 - -12133?
12134
In base 13, what is 5 - bc?
-b7
In base 16, what is -1b + 9?
-12
In base 3, what is 22102 + -1?
22101
In base 7, what is 164 - -4?
201
In base 11, what is -33 + -18?
-50
In base 12, what is 11 + 7?
18
In base 16, what is -12 + -21?
-33
In base 4, what is 1330 - -230?
2220
In base 3, what is -20 + -1221?
-2011
In base 15, what is a1 + 7a?
12b
In base 15, what is 4 + -21?
-1c
In base 10, what is -5 - -1140?
1135
In base 8, what is 3 - 0?
3
In base 13, what is -510 - 0?
-510
In base 13, what is -4b + -5?
-53
In base 15, what is 2 + -41?
-3e
In base 13, what is -1 - -449?
448
In base 6, what is -1410 + 1?
-1405
In base 13, what is 3 - 3c?
-39
In base 6, what is -120 - -10?
-110
In base 15, what is -12 - 6?
-18
In base 8, what is 6 + -237?
-231
In base 3, what is 11102 + -10?
11022
In base 2, what is -100 + -111001?
-111101
In base 3, what is -112 + -1111?
-2000
In base 4, what is -33 + -3?
-102
In base 4, what is 12 + 212?
230
In base 16, what is 3 + 14?
17
In base 6, what is -1334 - -3?
-1331
In base 2, what is 110 + 101010101?
101011011
In base 12, what is -4 + 4?
0
In base 8, what is -3 + 146?
143
In base 8, what is 504 - 1?
503
In base 3, what is -201 + -1022200?
-1100101
In base 2, what is -11 - 110100?
-110111
In base 12, what is -26 + 162?
138
In base 10, what is 11 - 34?
-23
In base 11, what is 21 - 169?
-148
In base 9, what is -2 + 55?
53
In base 8, what is -13264 + 3?
-13261
In base 13, what is 4 - -17?
1b
In base 10, what is 64 + 4?
68
In base 16, what is -9e - -27?
-77
In base 9, what is 20 - -134?
154
In base 9, what is -1 + 815?
814
In base 11, what is 73 - 40?
33
In base 3, what is 11 - 10210?
-10122
In base 13, what is 12 - -63?
75
In base 3, what is -20 - 122020?
-122110
In base 6, what is -332 + -4?
-340
In base 15, what is -14 - -15e?
14a
In base 6, what is -5 + -1040?
-1045
In base 6, what is -14124 + 3?
-14121
In base 14, what is -314b - -1?
-314a
In base 15, what is 37 + -3?
34
In base 14, what is 232a - -5?
2331
In base 2, what is -10111010 - 100?
-10111110
In base 13, what is -142 + 3?
-13c
In base 3, what is 12111 - -11102?
100220
In base 2, what is 1001 + 10011011?
10100100
In base 15, what is -19 - -71?
57
In base 10, what is 3977 - -5?
3982
In base 16, what is 5 + -2?
3
In base 9, what is 10 + 314?
324
In base 11, what is 6 - 18?
-12
In base 14, what is 5a + -11?
49
In base 5, what is -224420 + 4?
-224411
In base 16, what is 32 + 5?
37
In base 11, what is a77 - 10?
a67
In base 2, what is -1101001000 + -100?
-1101001100
In base 3, what is -12 - 10010102?
-10010121
In base 3, what is 121 + 12?
210
In base 6, what is -2 + -32533?
-32535
In base 3, what is -20102210 - 1?
-20102211
In base 8, what is 6 + 4121?
4127
In base 4, what is -111 + -13?
-130
In base 14, what is -6b - -8?
-63
In base 10, what is -124 + 5?
-119
In base 9, what is 866 + 2?
868
In base 7, what is -6 - 442?
-451
In base 16, what is -3d + -3?
-40
In base 10, what is -48 - 68?
-116
In base 10, what is -5 - 556?
-561
In base 7, what is -14 + -141?
-155
In base 2, what is 100011 + 1101010?
10001101
In base 12, what is -2 - -140?
13a
In base 8, what is 2 + 63?
65
In base 7, what is 3 - -135?
141
In base 7, what is -10123 + 2?
-10121
In base 2, what is 10001011011 + -10?
10001011001
In base 9, what is 5 + -103?
-87
In base 4, what is 0 - -21333?
21333
In base 5, what is -11 + -1442?
-2003
In base 6, what is 1355 - -4?
1403
In base 11, what is -2 + -147?
-149
In base 5, what is 1112 - -42?
1204
In base 4, what is -12021 + -2?
-12023
In base 16, what is 84b + 2?
84d
In base 5, what is -4 - 143440?
-143444
In base 7, what is -226 + 40?
-156
In base 7, what is -16 + 10?
-6
In base 8, what is 27 + -31?
-2
In base 10, what is 1 - 376?
-375
In base 2, what is -11100110111100 + -101?
-11100111000001
In base 16, what is b - 25?
-1a
In base 6, what is 24 - -25?
53
In base 15, what is 12a - -4?
12e
In base 7, what is 505 - 0?
505
In base 10, what is 3 - 214?
-211
In base 3, what is 2212 - -2?
2221
In base 16, what is -10e - -5?
-109
In base 9, what is 4 - -21?
25
In base 15, what is 1 + a?
b
In base 2, what is -1111101 + -101101?
-10101010
In base 5, what is 4 + 30330?
30334
In base 14, what is -7 - -8?
1
In base 4, what is -2131 + 2?
-2123
In base 4, what is 1000 - -2?
1002
In base 7, what is 45 + 6?
54
In base 10, what is -10 - 101?
-111
In base 8, what is 5 + -40?
-33
In base 2, what is -110 + -10001111?
-10010101
In base 7, what is 4 - 1520?
-1513
In base 12, what is 57 + -91?
-36
In base 4, what is -11 + -23?
-100
In base 13, what is -13 - 128?
-13b
In base 13, what is 5 + -1?
4
In base 4, what is -10 - 212?
-222
In base 5, what is 2430122 + 1?
2430123
In base 8, what is -3 - 34?
-37
In base 5, what is -12 - 3?
-20
In base 3, what is -20 - 201?
-221
In base 14, what is 23 - 3?
20
In base 6, what is -2 + 54?
52
In base 10, what is -7 - 381?
-388
In base 15, what is -3 - 1a2?
-1a5
In base 14, what is 32 - -66?
98
In base 13, what is 25 + 533?
558
In base 6, what is 223 - 425?
-202
In base 14, what is -2320 - -2?
-231c
In base 15, what is -160 + 41?
-11e
In base 16, what is 215 - -3?
218
In base 4, what is -3 + 323?
320
In base 13, what is 85 - -5?
8a
In base 16, what is -9 + -26?
-2f
In base 10, what is -213 - -1?
-212
In base 10, what is -2 - 197?
-199
In base 8, what is 5 - 14?
-7
In base 4, what is -1301 + -2?
-1303
In base 15, what is -5 - ea?
-100
In base 9, what is 0 - 15?
-15
In base 8, what is 33 - 37?
-4
In base 11, what is 41 + 0?
41
In base 8, what is -6 + 131?
123
In base 9, what is -500 - 3?
-503
In base 14, what is -2 + 62?
60
In base 16, what is 4b + 2?
4d
In base 7, what is -120 - -114?
-3
In base 6, what is -1050 - 12?
-1102
In base 16, what is 6 + fe9?
fef
In base 2, what is -10000010 - 100?
-10000110
In base 14, what is -2611 - 4?
-2615
In base 6, what is 43 + 115?
202
In base 10, what is -36 - -36?
0
In base 12, what is -5 + -a29?
-a32
In base 16, what is -1a + -f?
-29
In base 15, what is 1e + -2?
1c
In base 12, what is a7b - -2?
a81
In base 7, what is 12161 + 6?
12200
In base 9, what is -5 - 4602?
-4607
In base 5, what is -1 - -201342?
201341
In base 3, what is -111112 + 21?
-111021
In base 8, what is 6 + 22?
30
In base 13, what is -1 + -76?
-77
In base 15, what is -4 + -68d?
-692
In base 10, what is 1258 + -5?
1253
In base 16, what is -96 + 10?
-86
In base 14, what is -1151 + -3?
-1154
In base 15, what is -5 - -49?
44
In base 7, what is 5 - -11?
16
In base 11, what is 0 + 12?
12
In base 5, what is -2422 + 0?
-2422
In base 3, what is 1111 - -102120?
111001
In base 6, what is 4 - -